 3. Suppose -w*p - n = 3*p + 75, -5*n = -2*p - 30. Let d = 26 + p. What is the highest common factor of d and 121?
11
Let s be (0 + -4 + -2)*(-1)/2. Let c be 3 - (s + -7 - 5). Calculate the greatest common factor of c and 12.
12
Let y(p) = -p**2 + 1. Let x be (3/3)/(1/2). Let b be y(x). Let l be ((-184)/4)/(b - -1). What is the highest common factor of 69 and l?
23
Let t(o) = 3*o**2 + 6*o + 5. Let l be t(-5). What is the highest common divisor of l and 30?
10
Let q = 275 - 171. Let l(v) = v**3 + 5*v**2 - 3*v - 7. Let h be l(-5). Calculate the highest common divisor of q and h.
8
Suppose 5*n - 141 = -5*p + 34, 0 = 3*p + n - 115. What is the greatest common factor of 70 and p?
10
Let p(i) = i**2 + 6*i - 10. Let s(q) = q - 1. Let n(y) = p(y) - s(y). Let u be n(5). Let t = -17 + u. What is the greatest common factor of 3 and t?
3
Suppose -3*b + 49 = s - 2*b, 2*b = 4*s - 172. What is the greatest common divisor of 45 and s?
45
Let f(s) = 3*s + 12. Let w = 10 - 10. Let q be f(w). What is the highest common factor of 24 and q?
12
Let x = 0 - -5. Let o = 112 + -87. What is the greatest common factor of x and o?
5
Suppose -10*p = -13*p + 15. Suppose -124 = -p*s + 16. Calculate the highest common divisor of s and 42.
14
Suppose 5*k - 5*h = 4*k - 2, -11*k - 2*h + 35 = 0. Let u = -1 + 3. Let m be (1 - -1)*33/u. What is the highest common factor of k and m?
3
Let w = 43 - -69. Calculate the highest common divisor of 14 and w.
14
Let p = 14 - 11. Let v be -3*2*(-3)/2. Suppose -v = -s + 15. Calculate the highest common divisor of p and s.
3
Suppose 0 = 4*v + 2*a - 18, -150 = 4*v - a - 183. What is the greatest common factor of v and 973?
7
Let i be ((-378)/(-15))/(-6)*-30. Let o(d) = 19*d**3 - 2*d + 1. Let w = -13 + 14. Let z be o(w). Calculate the greatest common factor of i and z.
18
Let c(f) = 5*f + 5. Let o be c(4). Let b(j) = -j**2 + 46*j - 40. Let h be b(45). Calculate the highest common factor of h and o.
5
Suppose 3*g = 53 + 55. Let p = -19 + g. Suppose p = 5*f + 3*t, f - 4*t + 14 = -f. Calculate the highest common factor of 4 and f.
1
Let g(d) = -d**2 - 11*d + 4. Let j be g(-10). Suppose -14*x - 90 + 580 = 0. What is the highest common divisor of x and j?
7
Suppose 1792 = 37*h - 23*h. Calculate the highest common factor of h and 8.
8
Suppose 5*y = -5*h, -2 = 3*h + 2*y - 6. Let s be (-36)/(-48) - 3/4. Suppose s*v + h*v - 48 = 0. What is the highest common divisor of v and 4?
4
Suppose -4*d - 1 = -n - 23, -4*n - 4*d = 128. Let j be (90/(-8))/(n/80). Calculate the greatest common factor of j and 20.
10
Let q be (-12 - -7) + 7 - -8. What is the greatest common divisor of q and 2560?
10
Suppose 7*z - 28*z = -2079. Calculate the highest common factor of z and 165.
33
Suppose 28 = -7*b + 140. Let i = 25 - b. Suppose -5*q - 57 + 552 = 0. Calculate the highest common factor of i and q.
9
Let w(j) = -j**3 + 7*j**2 + 19*j - 6. Let f be w(9). Suppose -846 = -5*n - f*o, 0 = 5*n + o - 888 + 46. What is the greatest common factor of n and 21?
21
Let l be (-1352)/(-6) + (-2)/6. Suppose 3*m - 75 = 228*p - 229*p, 4*m = -3*p + 100. What is the greatest common factor of m and l?
25
Let g(z) = z**2 + 8*z - 19. Let v be g(-10). What is the greatest common divisor of 25 and v?
1
Let l(a) = a**3 + 23*a**2 - 49*a + 77. Let o be l(-25). Let r be ((-7)/4)/((-16)/1664). What is the highest common factor of r and o?
26
Let b(a) = 3*a**2 + 24*a + 64. Let s be b(-7). Calculate the greatest common factor of s and 129.
43
Let w be 590/(-5) + 1 + 1. Let o = -68 - w. Let z be (-2)/((-2)/11) - -1. Calculate the highest common divisor of z and o.
12
Let v(x) = 81*x**2 - 5*x + 5. Let f be v(2). What is the greatest common divisor of 11 and f?
11
Let d(p) = 30*p + 1. Suppose 3*s + 5*w = -9, s - 5*w - 8 = -3*w. Let n be d(s). Let l = -42 + n. Calculate the highest common factor of l and 57.
19
Suppose 2*u - 111 + 15 = 0. Let d(f) = -22*f + 1196. Let o be d(54). What is the highest common factor of o and u?
8
Let t = 213 + 57. Calculate the greatest common divisor of 36 and t.
18
Let h(z) be the first derivative of -z**4/4 + 2*z**3/3 + 2*z + 8. Let l be h(2). Let a = l - -3. Calculate the highest common factor of 25 and a.
5
Let r = 2823 + -398. Calculate the highest common factor of 25 and r.
25
Let j be ((-6)/5)/((-6)/45). Let w be 92/j + (-2)/9. Let u be 124/24 - 2/12. Calculate the highest common factor of u and w.
5
Let n = -27 - -38. Suppose 24*c - 176 = 8*c. Calculate the greatest common factor of n and c.
11
Let r = 96 - 80. What is the highest common factor of r and 256?
16
Let g = -764 + 1140. Calculate the greatest common divisor of 16 and g.
8
Let q(b) = 4*b**2 - 20*b - 17. Let h be q(6). Calculate the highest common divisor of 259 and h.
7
Let i(b) = b**3 - 13*b**2 - b - 17. Let v be i(13). Let p = v + 32. Calculate the greatest common factor of 2 and p.
2
Suppose -148 = -0*w - 4*w. Suppose -3*r - w - 14 = -3*b, 5*b + 11 = -r. Let m be (684/r)/(2/(-8)). Calculate the greatest common divisor of 19 and m.
19
Suppose -38*o + 4224 = -16*o. What is the highest common factor of 3 and o?
3
Let u be ((-84)/10)/(((-363)/(-110))/(-11)). Suppose 20 + 12 = -4*g. Let v = u + g. What is the highest common divisor of 180 and v?
20
Let b = 17 - -16. Let x = b + -9. Suppose 72*i + 2*i - 19536 = 0. Calculate the highest common divisor of i and x.
24
Suppose 3*u - 288 = u. Suppose 12 - 4 = -2*p, 2*j = p - 24. Let x be ((-112)/j)/((-1)/(-2)). Calculate the greatest common divisor of u and x.
16
Suppose -75*b + 68*b + 6384 = 0. What is the highest common divisor of 16 and b?
16
Suppose j + o + 3*o + 10 = 0, -3*j + 10 = 4*o. Suppose -j = -2*p + 2. What is the greatest common factor of 24 and p?
6
Let b = 1124 + -135. Calculate the greatest common factor of 43 and b.
43
Suppose 10*z = 501 + 239. Let h = z + -42. Let r(q) = q**2 - 3*q + 4. Let a be r(3). What is the highest common factor of h and a?
4
Let g be 1 - (-325 + (-1 - -7)) - 5. What is the highest common divisor of g and 84?
21
Let y(p) = 45*p + 16. Let g be y(5). Let i = g + -124. Calculate the greatest common factor of i and 26.
13
Let a be ((-715)/66 - -11) + 490/12. Calculate the highest common divisor of 738 and a.
41
Suppose 0 = 4*f - 328 + 120. What is the highest common factor of f and 572?
52
Suppose -3*h - 4*u + 255 = 0, -h - u + 48 + 37 = 0. Calculate the greatest common divisor of 5 and h.
5
Let n(m) = m**3 + 8*m**2 - 22*m - 16. Let r be n(-9). Calculate the highest common factor of 1 and r.
1
Let z(l) = -l**3 + 3*l**2 + l. Let w be z(3). Suppose 7*p - 4*p - w*n = 54, -3*p - n + 66 = 0. What is the greatest common factor of 9 and p?
3
Suppose 3*x = -3, -3*p + p + 131 = 3*x. Calculate the greatest common factor of p and 1742.
67
Suppose 2*b = 6*b - 2*t - 928, -707 = -3*b - 4*t. Let g = b - 103. What is the highest common factor of g and 26?
26
Let f(d) = -d**3 - d**2 + 28*d + 15. Let r be f(-7). Let a = r + -72. What is the highest common factor of a and 328?
41
Suppose -64 = -5*b - 0*k + k, 2*b - 27 = -k. Suppose 0 = j - 5 + 1, 192 = 4*f - 4*j. Calculate the highest common divisor of f and b.
13
Suppose 298*s - 295*s + y - 52 = 0, 84 = 5*s + y. Suppose u = 8 - 18. Let a be (-1436)/u - 2/(-5). What is the highest common factor of a and s?
16
Suppose -12*u = -8*u + 5*v - 538, 3*u + 3*v = 402. What is the greatest common divisor of 99 and u?
33
Let v(n) = 9*n**2 - 66*n - 130. Let o be v(-2). Calculate the highest common factor of o and 874.
38
Suppose 48 = x + 3. Let a(u) be the second derivative of u**4/12 - 7*u**3/6 + 6*u**2 - 7*u. Let s be a(9). Calculate the greatest common divisor of s and x.
15
Let b(u) = -u**3 + 3*u**2 + 2*u - 3. Let f be b(3). Suppose 0 = -3*z - 36*z + 117. Calculate the greatest common factor of z and f.
3
Let l(a) = a**3 - 16*a**2 - 12*a - 4. Let u be l(17). Let y = u + -67. What is the greatest common divisor of y and 126?
14
Let l = -116 - -117. Suppose 2*c + 12 = -38. Let u = -14 - c. What is the highest common divisor of l and u?
1
Suppose 0 = -f + 1 + 2. Let v be ((-3)/(-2))/(f/(-4) + 1). What is the greatest common factor of 6 and v?
6
Let t = 821 - 590. Let k(r) = 4*r - 3. Let w be k(6). Calculate the greatest common factor of t and w.
21
Let b = 348 - 170. Let q be 6/(-9) - b/(-6). Suppose 2*